in base 13?
2
What is 57 (base 10) in base 16?
39
Convert -1 (base 2) to base 6.
-1
Convert -1 (base 5) to base 11.
-1
What is -1e (base 16) in base 5?
-110
What is -5 (base 13) in base 3?
-12
Convert 0 (base 7) to base 16.
0
What is -100 (base 4) in base 5?
-31
12 (base 13) to base 16
f
What is 213 (base 4) in base 2?
100111
Convert 14 (base 16) to base 15.
15
122 (base 4) to base 10
26
-3 (base 14) to base 7
-3
Convert -233 (base 7) to base 4.
-1322
What is 1 (base 8) in base 10?
1
Convert 3 (base 12) to base 2.
11
Convert -a (base 11) to base 4.
-22
Convert 22 (base 8) to base 9.
20
What is 4b (base 12) in base 8?
73
0 (base 2) to base 12
0
Convert 0 (base 12) to base 7.
0
21 (base 5) to base 10
11
Convert a2 (base 15) to base 11.
129
What is -2 (base 11) in base 4?
-2
What is 40 (base 11) in base 2?
101100
What is 131 (base 4) in base 5?
104
What is 0 (base 4) in base 10?
0
What is 2 (base 9) in base 7?
2
-33 (base 16) to base 11
-47
What is -221 (base 7) in base 6?
-305
Convert -a (base 12) to base 2.
-1010
What is -75 (base 13) in base 11?
-88
What is -64 (base 7) in base 9?
-51
What is 13 (base 11) in base 3?
112
What is 4 (base 14) in base 2?
100
37 (base 8) to base 16
1f
Convert -101 (base 2) to base 16.
-5
Convert 2 (base 4) to base 7.
2
35 (base 7) to base 11
24
What is 27 (base 14) in base 15?
25
Convert -103 (base 9) to base 5.
-314
What is -154 (base 7) in base 4?
-1120
-2 (base 6) to base 5
-2
What is 40 (base 9) in base 12?
30
What is -33 (base 4) in base 7?
-21
What is 169 (base 14) in base 7?
562
What is -3 (base 8) in base 11?
-3
2 (base 7) to base 2
10
What is -12121 (base 3) in base 11?
-128
-7 (base 13) to base 10
-7
Convert 92 (base 10) to base 11.
84
1 (base 6) to base 7
1
Convert 37 (base 10) to base 7.
52
Convert -6 (base 9) to base 15.
-6
-1122 (base 4) to base 2
-1011010
-14 (base 11) to base 9
-16
-3 (base 12) to base 5
-3
Convert -2 (base 10) to base 4.
-2
-17 (base 9) to base 8
-20
What is 0 (base 9) in base 7?
0
Convert 311 (base 5) to base 2.
1010001
-34 (base 10) to base 14
-26
What is 0 (base 6) in base 10?
0
240 (base 6) to base 13
75
Convert 305 (base 6) to base 5.
423
-3 (base 16) to base 9
-3
Convert -7 (base 15) to base 6.
-11
-11 (base 6) to base 7
-10
What is -3 (base 6) in base 10?
-3
Convert -6 (base 10) to base 12.
-6
What is 1443 (base 6) in base 11?
322
What is 83 (base 13) in base 8?
153
-6 (base 15) to base 11
-6
Convert 0 (base 9) to base 12.
0
What is -5 (base 11) in base 10?
-5
Convert -54 (base 10) to base 13.
-42
Convert 1 (base 7) to base 10.
1
What is -2 (base 3) in base 4?
-2
Convert 10 (base 4) to base 6.
4
What is 5a (base 11) in base 15?
45
Convert -4 (base 12) to base 10.
-4
What is -1 (base 16) in base 9?
-1
What is -110 (base 2) in base 11?
-6
Convert 121 (base 10) to base 16.
79
What is -263 (base 8) in base 15?
-be
Convert -92 (base 14) to base 4.
-2000
What is -3 (base 9) in base 16?
-3
What is -6 (base 10) in base 15?
-6
Convert -3 (base 12) to base 13.
-3
-304 (base 6) to base 14
-80
Convert 0 (base 13) to base 4.
0
Convert 2 (base 15) to base 6.
2
What is -a6 (base 11) in base 7?
-224
192 (base 12) to base 2
11111110
What is -22 (base 12) in base 4?
-122
Convert 21 (base 5) to base 9.
12
1 (base 16) to base 6
1
What is 211 (base 6) in base 7?
142
What is 10 (base 3) in base 6?
3
4 (base 13) to base 4
10
-4 (base 9) to base 12
-4
What is -181 (base 9) in base 11?
-130
Convert -3 (base 14) to base 13.
-3
What is -111 (base 7) in base 9?
-63
-2 (base 9) to base 6
-2
Convert -1110 (base 2) to base 11.
-13
Convert -4 (base 8) to base 13.
-4
-11 (base 2) to base 9
-3
What is 5 (base 7) in base 14?
5
What is 0 (base 8) in base 3?
0
-43 (base 11) to base 10
-47
Convert -2 (base 8) to base 14.
-2
Convert -12 (base 3) to base 7.
-5
Convert 1 (base 15) to base 3.
1
-58 (base 9) to base 8
-65
What is 70 (base 11) in base 12?
65
Convert 6 (base 11) to base 7.
6
-1 (base 9) to base 10
-1
What is 52 (base 7) in base 16?
25
210 (base 11) to base 15
11d
1010 (base 2) to base 12
a
What is -4 (base 9) in base 10?
-4
Convert 2 (base 12) to base 11.
2
What is -6 (base 7) in base 12?
-6
What is -312 (base 5) in base 9?
-101
Convert -2 (base 16) to base 6.
-2
What is -10 (base 13) in base 15?
-d
What is 44 (base 8) in base 4?
210
What is -11020 (base 3) in base 16?
-72
Convert -c (base 13) to base 15.
-c
Convert 42 (base 7) to base 4.
132
What is -a (base 13) in base 14?
-a
10020 (base 3) to base 9
106
-20 (base 9) to base 11
-17
Convert 21 (base 3) to base 8.
7
-1 (base 16) to base 7
-1
-13 (base 5) to base 13
-8
What is -4 (base 16) in base 4?
-10
-10 (base 15) to base 5
-30
Convert -1 (base 9) to base 14.
-1
What is -8 (base 16) in base 3?
-22
Convert 331 (base 6) to base 15.
87
10 (base 4) to base 14
4
5 (base 9) to base 15
5
What is 4 (base 16) in base 6?
4
Convert 4 (base 10) to base 7.
4
4 (base 9) to base 13
4
What is 101011 (base 2) in base 11?
3a
What is 3 (base 8) in base 5?
3
What is 1 (base 5) in base 3?
1
1004 (base 6) to base 4
3130
What is -4 (base 14) in base 15?
-4
Convert 20 (base 9) to base 10.
18
-57 (base 10) to base 16
-39
3 (base 9) to base 8
3
What is 100 (base 2) in base 7?
4
-2 (base 4) to base 2
-10
-131 (base 6) to base 7
-106
Convert -1232 (base 4) to base 15.
-75
Convert 11 (base 2) to base 4.
3
-57 (base 11) to base 16
-3e
What is -2 (base 5) in base 8?
-2
381 (base 9) to base 3
102201
86 (base 13) to base 15
75
-3 (base 16) to base 4
-3
1110001 (base 2) to base 13
89
Convert -1 (base 12) to base 14.
-1
What is -4 (base 11) in base 3?
-11
Convert -254 (base 6) to base 14.
-78
What is 42 (base 7) in base 8?
36
Convert 1 (base 6) to base 14.
1
What is 200 (base 3) in base 11?
17
28 (base 11) to base 9
33
1011 (base 2) to base 3
102
Convert -1 (base 6) to base 16.
-1
Convert 9 (base 12) to base 6.
13
Convert -a0 (base 16) to base 5.
-1120
4 (base 5) to base 11
4
What is -d (base 15) in base 9?
-14
44 (base 13) to base 11
51
27 (base 8) to base 7
32
What is -5 (base 6) in base 15?
-5
8 (base 16) to base 7
11
10110 (base 3) to base 11
85
2 (base 14) to base 8
2
Convert 1 (base 12) to base 5.
1
Convert -104 (base 8) to base 2.
-1000100
What is 100 (base 8) in base 5?
224
What is 169 (base 10) in base 11?
144
-2242 (base 5) to base 3
-102221
Convert -2 (base 14) to base 13.
-2
-101112 (base 3) to base 10
-284
-a (base 15) to base 13
-a
What is -2 (base 10) in base 15?
-2
What is -1 (base 15) in base 7?
-1
What is 7f (base 16) in base 3?
11201
Convert -217 (base 10) to base 16.
-d9
7 (base 10) to base 3
21
0 (base 6) to base 4
0
Convert -3 (base 6) to base 12.
-3
Convert -20211 (base 3) to base 4.
-2320
What is -5 (base 15) in base 2?
-101
Convert 4 (base 16) to base 7.
4
162 (base 11) to base 8
275
What is -d (base 15) in base 5?
-23
What is -213 (base 8) in base 10?
-139
Convert 0 (base 5) to base 15.
0
What is 3b (base 14) in base 10?
53
What is 435 (base 6) in base 3?
20012
Convert -4 (base 14) to base 2.
-100
Convert b0 (base 13) to base 10.
143
What is 7 (base 10) in base 6?
11
Convert -3 (base 9) to base 7.
-3
0 (base 16) to base 9
0
Convert -6 (base 7) to base 16.
-6
-1 (base 5) to base 9
-1
What is -a (base 11) in base 7?
-13
Convert -43 (base 16) to base 7.
-124
5 (base 16) to base 11
5
-11 (base 12) to base 3
-111
Convert -110000 (base 2) to base 9.
-53
What is -b (base 13) in base 2?
-1011
10110 (base 3) to base 11
85
Convert 22020 (base 3) to base 14.
11c
Convert -20001 (base 3) to base 10.
-163
Convert -233 (base 8) to base 10.
-155
What is 206 (base 11) in base 12?
188
-25 (base 7) to base 12
-17
-3 (base 10) to base 2
-11
Convert 2 (base 13) to base 4.
2
What is 6 (base 10) in base 14?
6
What is -3 (base 14) in base 3?
-10
What is -3 (base 13) in base 14?
-3
What is -10 (base 6) in base 8?
-6
-e7 (base 16) to base 4
-3213
-62 (base 7) to base 5
-134
Convert 132 (base 4) to base 13.
24
Convert 11 (base 6) to base 4.
13
-8 (base 16) to base 14
-8
-3 (base 8) to base 14
-3
Convert -10 (base 7) to base 13.
-7
What is 20 (base 3) in base 15?
6
Convert -3 (base 8) to base 6.
-3
Convert 5 (base 11) to base 14.
5
7 (base 11) to base 5
12
-143 (base 13) to base 12
-168
Convert 2 (base 13) to base 8.
2
What is -36 (base 15) in base 5?
-201
3 (base 10) to base 13
3